2*x - 8. List the prime factors of a.
2
Suppose 4*q = k - 6, -4 = k + q - 15. List the prime factors of k.
2, 5
List the prime factors of 1/1*-1 + 9.
2
Suppose -v - 20 = 3*v. Let n be 1/5 - (-16)/v. List the prime factors of -2 + (-33)/n + -2.
7
Suppose -45 = -5*q + 4*p + p, 0 = q - 5*p - 13. Suppose q*s - 4*s = 96. List the prime factors of s.
2, 3
Suppose 45 = -3*h + 8*h. Suppose 0 = 10*q - h*q - 39. What are the prime factors of q?
3, 13
Let l(b) = -2*b - 4. Let c be l(-4). What are the prime factors of (126/c)/7*2?
3
Let y(t) = 2*t**2 + 23*t + 19. What are the prime factors of y(-16)?
163
Let w = -62 + 289. List the prime factors of w.
227
Let g = 53 + -7. What are the prime factors of g?
2, 23
What are the prime factors of (-1434)/(-22) - 4/22?
5, 13
Let u(b) = -b**3 + 10*b**2 - 11*b - 7. What are the prime factors of u(8)?
3, 11
Let g(w) = w**3 + 10*w**2 + 10*w + 1. Let z be g(-9). Let m(j) = j**3 + 8*j**2 - 3*j - 9. List the prime factors of m(z).
3, 5
List the prime factors of (-8 - (-13 - -4))/(2/94).
47
Let l(b) = b**3 - 5*b**2 + b. Suppose -2*m + 12 = 2. List the prime factors of l(m).
5
Suppose m - 5*z = -m + 328, -5*z = 5*m - 855. What are the prime factors of m?
13
Suppose 2*l - 2*k - 140 = -3*l, -2*l + 62 = -2*k. Suppose 2*o - l = o. List the prime factors of o.
2, 13
Let c(h) be the third derivative of h**5/60 + h**4/6 + h**3/6 + h**2. What are the prime factors of c(-5)?
2, 3
Let q be (-44)/(-5)*(-60)/(-3). Let b = -2 + 4. What are the prime factors of q/28 + b/(-7)?
2, 3
Suppose 0*u = 3*u - 6. What are the prime factors of u - 1/((-2)/10)?
7
Let t be 4/16*-1*4. What are the prime factors of 0 + t + 28 + 1?
2, 7
Let p = 18 - 16. Suppose -v + 29 = -p. List the prime factors of v.
31
Suppose 0 = k - 5*k + 2*d + 44, 0 = -5*k + 5*d + 45. Suppose 4*b = -l + k, b + 9 = l + 3*b. Suppose 10 = l*r - 0. What are the prime factors of r?
2
Let r(t) = t + 1. Let m be r(-2). Let u be 4 - -2 - 2 - m. Suppose 4*b = -3*q + u, -b + 2*b + 3*q = -10. What are the prime factors of b?
5
Suppose 4*j + 3 = 35. What are the prime factors of 3 - 11/(-2)*j?
47
Suppose -2*p + 42 = -2*q, 19 + 3 = 2*p + 2*q. Suppose 0 = 4*h - p, 0 = 3*z + 7*h - 3*h - 49. List the prime factors of z.
11
Let c(q) = -q**3 + 12*q**2 - 4*q - 21. What are the prime factors of c(10)?
139
Let w(b) = b**3 - 5*b**2 - 3*b - 8. Let f be (-56)/(-10) + (-6)/(-15). List the prime factors of w(f).
2, 5
Suppose 0 = 3*d - 2*d - 110. What are the prime factors of d?
2, 5, 11
Suppose -3*o + 31 = -2. Suppose -t - o = -2*t. What are the prime factors of t?
11
Let w(k) = k**3 - k**2 + 5*k - 3. Let b(x) = x**2 + 3. Let d be b(0). Let q be w(d). Let l = 42 - q. What are the prime factors of l?
2, 3
List the prime factors of (-500)/(-20) + 1*1/1.
2, 13
Suppose 12*a - 13*a = -89. What are the prime factors of a?
89
Let g = -37 - -66. What are the prime factors of g?
29
Let g be 2/(2/(-8)*-2). Suppose -2*o - 4*v = -54, -g*o - 153 = -9*o - 4*v. What are the prime factors of o?
3, 11
Suppose -3*y - 353 = -5*v - 2*y, 0 = -5*v - 5*y + 335. Suppose -3*p + v = 2*p. What are the prime factors of p?
2, 7
Suppose 5*g - 13*g + 1704 = 0. What are the prime factors of g?
3, 71
Let x = -6 - -8. Let k(m) = -m - 4*m - 4*m**2 + 5*m**x + 7. List the prime factors of k(5).
7
Let l be ((-12)/(-15))/((-2)/10). Let o = l - -9. List the prime factors of o.
5
Let r = -34 + 62. What are the prime factors of r?
2, 7
Let f = -13 + 22. Suppose 3*u = 6 + f. Suppose g - 2 - 15 = -3*w, -4*w + 10 = -u*g. What are the prime factors of g?
2
Suppose 2*w = -1 + 9. What are the prime factors of 0/(8/w) - -37?
37
Suppose -21*p - 48 = -25*p. What are the prime factors of p?
2, 3
Suppose 0 = 2*d - 0*d - 4. Suppose -25 = d*a - 5*m, 12 + 13 = 5*m. List the prime factors of 34/(2/1) - a.
17
Let d(p) = p - 12. Let h be d(12). Suppose 0 = -h*o - 3*o + 3*u - 3, -u + 4 = 0. List the prime factors of o.
3
Let p(q) = -q + 5. Let x be p(5). Suppose x*f + f - 7 = 0. Suppose f*h = 3*h + 8. List the prime factors of h.
2
Let x be -7 + 5 - 332/1. List the prime factors of (-6)/15 + x/(-10).
3, 11
Suppose -24 = 9*k + 12. Let v(f) = -2*f**2 + f**2 + 0*f - 6*f. What are the prime factors of v(k)?
2
Let y be (387/36)/((-2)/(-8)). Let l = -22 + y. List the prime factors of l.
3, 7
What are the prime factors of 24/(-48) + (-61)/(-2)?
2, 3, 5
Let x be (-4 - -3)/((-10)/4 + 3). Suppose -2*b = 10, -3*v = -7*v + 3*b + 23. What are the prime factors of x - (v + -21 - -3)?
2, 7
Suppose 0 = -4*a - 4*u, -6*a - 3 = -a + 4*u. Let d(b) = 11*b + 1. Let q be d(a). What are the prime factors of q/(-3) - 2/3?
2, 5
Let g = 18 + -11. Suppose -2*q + g*q - 75 = 0. What are the prime factors of q?
3, 5
Suppose 5 - 4 = w, 4*l - 357 = 3*w. List the prime factors of l.
2, 3, 5
Let s = 146 + -94. Suppose -2*m + 5*m = u + s, -4*u + 64 = 4*m. What are the prime factors of m?
17
Let p(q) = 8*q + 11. What are the prime factors of p(8)?
3, 5
Let l = 99 - 19. What are the prime factors of (-4)/18 + l/36?
2
Suppose 5 = 5*f - 95. Let s be (6/(-4))/((-15)/f). Suppose 0 = 3*h + s*h - 35. What are the prime factors of h?
7
Suppose 0 = v + 2 + 1. Let n = 0 - v. What are the prime factors of n?
3
Suppose 30 + 135 = 5*n. List the prime factors of n.
3, 11
Suppose -x - 52 = -6*v + 3*v, 2*x - 4 = 0. Suppose 2*j - v = 14. List the prime factors of j.
2
Let t(l) = -l**3 + 9*l**2 + 11*l - 10. Let q be t(10). Suppose 105 = 3*b + 3*n, 2*b - n = -q*b + 70. List the prime factors of b.
5, 7
Let u be 42 - (0 - (1 + -1)). Suppose -2*h = 8, -h - 22 = -4*k + u. What are the prime factors of k?
3, 5
Let n = -6 - -7. Let u = 4 + n. List the prime factors of u.
5
Suppose 5*i - 60 = -0*i. Suppose 4*s = -2 - 6, f - i = 5*s. Suppose r = 0, f*x + 14 - 44 = -5*r. List the prime factors of x.
3, 5
Let b(v) = v**3 + v + 2. Let w be b(0). Suppose d - w*n - 2 = -0, -3*d + 6 = -n. What are the prime factors of d?
2
Suppose 6*t - t = -15. What are the prime factors of (3*-19)/t + 1?
2, 5
List the prime factors of 89/2 + 9/(-18).
2, 11
Let q = -1 + 8. What are the prime factors of q?
7
Let z(d) = d**3 - d**2 + 2*d + 9. Let x be z(4). List the prime factors of 1/(-2) - x/(-2).
2
Let n = 3 + 11. What are the prime factors of n?
2, 7
Suppose 0*d - 325 = -5*d. What are the prime factors of d?
5, 13
Let a(u) = -u**2 - 9*u + 8. Suppose -c + b + 2*b = 9, -2*b - 27 = 3*c. Let h be a(c). Let d = h + -2. What are the prime factors of d?
2, 3
Suppose -2*j = -3*y - 2*y + 379, 5*j = y - 85. What are the prime factors of y?
3, 5
Suppose l - 6*l = 5*o - 510, 3*o = -4*l + 301. What are the prime factors of o?
107
Suppose -2*c - 2042 = -5*f, -2*c - 7 = -5. What are the prime factors of f?
2, 3, 17
Let f = -4 + -13. Let l(v) = 29*v**2 - v - 1. Let j be l(-1). Let c = j + f. List the prime factors of c.
2, 3
Let m(d) = -3*d**2 - 28*d + 17. Let b(r) = -r**2 - 9*r + 6. Let x(j) = -7*b(j) + 2*m(j). Let g be x(-8). List the prime factors of 2 - g/1 - -1.
3
Suppose 0 = 3*l + h - 75 + 21, -l + 4*h + 18 = 0. List the prime factors of l.
2, 3
Let z(w) = 19*w**3 - 2*w**2 + 4*w + 1. List the prime factors of z(2).
3, 17
Let r = 324 - 184. What are the prime factors of r?
2, 5, 7
Let k be 3/(((-3)/2)/3). Let z be ((-3)/(-1))/(k/(-10)). Suppose -11 = -n + i, -z*n + 2*i + 26 = -14. What are the prime factors of n?
2, 3
Let l be (-5 - 0)*5/(-5). Let m be (-8)/(-20) + (-2)/l. Suppose -6*z + 2*z + 36 = m. List the prime factors of z.
3
Suppose -7*s = -5*s + 4. Let c be 0/s - 8/4. What are the prime factors of c/(-7) - (-156)/42?
2
Let k(a) = 3*a**3 - 7*a**2 + 2*a + 59. Let b(c) = 5*c**3 - 11*c**2 + 3*c + 89. Let p(q) = -5*b(q) + 8*k(q). What are the prime factors of p(0)?
3
Suppose -90 + 10 = -2*r. Let j = r - 14. List the prime factors of j.
2, 13
Let c = -6 + 62. List the prime factors of c.
2, 7
Let m(r) = -r**2 + 21*r - 36. List the prime factors of m(18).
2, 3
Let p(t) = 19*t**2 + 17*t - 1. Let r(z) = 10*z**2 + 9*z - 1. Let k(l) = 4*p(l) - 7*r(l). List the prime factors of k(-3).
2, 3, 7
Suppose -10 = -p - p. Suppose p*h - 69 = 76. Suppose -5 = 4*j - h. List the prime factors of j.
2, 3
Let s(o) = -4*o + 11. What are the prime factors of s(-9)?
47
Let q = 102 - -1. List the prime factors of q.
103
Let l(q) = 0*q + 10 + q - 3. Suppose u - 3*u + 14 =